Let z(k) = k**3 + 8*k**2 + 14*k + 7. Determine z(-6).
-5
Let x(a) = a**2 - 3*a - 9. What is x(11)?
79
Let b(n) = 22*n - 19. Give b(1).
3
Let f(w) = w - 9. Calculate f(15).
6
Let a(y) = y**2 + 8*y + 47. Give a(-14).
131
Let k(c) = 3*c**2 + 19*c - 29. Determine k(-7).
-15
Let l(z) = 4*z - 8. Determine l(16).
56
Let o(q) = -q**2 - 5*q - 4. Calculate o(0).
-4
Let b(v) = -v**3 + v**2 + v + 24. Determine b(0).
24
Let q(k) = -11*k - 80. What is q(-4)?
-36
Let h(x) = 3*x - 46. Calculate h(0).
-46
Let t(z) = -2*z**3 + 2*z**2 - 2*z - 1. What is t(2)?
-13
Let m(l) = -2*l**2 - 9*l - 3. Give m(-2).
7
Let p(z) = z**2 + 11*z. What is p(-10)?
-10
Let w(o) = -o + 1. What is w(-6)?
7
Let l(y) = y**3 + y**2 - 4*y - 2. Calculate l(-2).
2
Let j(c) = -26*c - 7. Calculate j(-1).
19
Let m(i) = i**2 - 8*i - 15. What is m(9)?
-6
Let v(m) = m**3 - m**2 + m + 17. Determine v(0).
17
Let k(v) = -v**2 - v - 16. Determine k(11).
-148
Let j(c) = c**2 + 13*c + 27. Calculate j(-11).
5
Let y(p) = -2*p - 17. Give y(-8).
-1
Let r(m) = m**2 - 9*m + 13. Determine r(9).
13
Let f(y) = y**2 + 5*y + 7. What is f(-1)?
3
Let r(g) = -13*g + 57. Calculate r(2).
31
Let v(k) = 13*k + 65. Give v(-7).
-26
Let y(g) = -g**2 - 15*g - 43. Calculate y(-16).
-59
Let t(v) = -5*v - 11. Give t(-3).
4
Let j(m) = -m - 12. Give j(-7).
-5
Let l(z) = -z + 25. Calculate l(3).
22
Let h(g) = g**3 + 8*g**2 - 20*g + 9. What is h(-10)?
9
Let a(f) = -3*f**3 - 15*f**2 + 9*f + 11. Calculate a(-5).
-34
Let r(y) = y - 1. Give r(10).
9
Let h(s) = 29*s**3 - 3*s**2 + 4*s - 2. Give h(1).
28
Let m(q) = 11*q + 2. What is m(-2)?
-20
Let f(m) = m - 7. Calculate f(7).
0
Let x(c) = -7*c**2 - 4*c - 5. Determine x(-2).
-25
Let j(q) = 4*q + 17. Determine j(-4).
1
Let b(r) = 3*r**3 + 2*r**2 + 12*r - 1. Give b(0).
-1
Let o(i) = -3*i**2 - 74*i - 147. Give o(-2).
-11
Let i(c) = c**2 + 19*c - 9. Determine i(-19).
-9
Let b(m) = -20*m - 4. Give b(2).
-44
Let i(r) = 11*r - 13. Determine i(7).
64
Let s(h) = 3*h + 19. What is s(-6)?
1
Let s(p) = -2*p + 68. Give s(15).
38
Let w(x) = -x**3 + 10*x**2 - 14*x + 13. Give w(8).
29
Let t(w) = -w**3 + 2*w**2 - 6*w + 14. What is t(2)?
2
Let j(n) = n**3 - 4*n**2 + 4*n + 2. What is j(3)?
5
Let x(r) = r**3 + 12*r**2 - 11*r - 16. Determine x(-12).
116
Let i(o) = o**2 + 45*o + 46. Determine i(-44).
2
Let z(m) = -m**2 + 8*m - 5. Calculate z(7).
2
Let j(z) = -z**3 - 5*z**2 - 6. Determine j(-4).
-22
Let n(z) = 3*z - 58. Calculate n(22).
8
Let d(x) = 8*x - 33. Give d(3).
-9
Let b(s) = 6*s**2 + s + 12. Calculate b(0).
12
Let g(l) = 68*l + 216. What is g(-3)?
12
Let r(g) = g**2 + 22*g + 21. Determine r(-17).
-64
Let p(z) = z**2 - 7*z - 7. What is p(7)?
-7
Let h(j) = j**3 + 7*j**2 - 4*j + 6. Determine h(-8).
-26
Let h(s) = -2*s**2 - 5*s + 2. Give h(4).
-50
Let q(w) = w - 2. Determine q(1).
-1
Let j(q) = q**3 + 14*q**2 + 16*q. Calculate j(-13).
-39
Let d(t) = -t**3 - t**2 + 98*t + 86. What is d(-10)?
6
Let q(z) = -2*z**2 + 3*z + 12. What is q(4)?
-8
Let r(l) = -l**2 + 15*l - 2. Determine r(8).
54
Let u(a) = 3*a**2 + 12*a - 20. What is u(7)?
211
Let j(z) = z**2 + 7*z - 8. Give j(-9).
10
Let r(v) = -3*v + 6. Determine r(-7).
27
Let s(m) = 3*m**2 - 6*m - 17. Determine s(-5).
88
Let a(c) = -c + 14. Calculate a(22).
-8
Let a(z) = 16*z + 104. Give a(-6).
8
Let j(m) = -m**3 - 45*m**2 - 122*m + 166. What is j(-42)?
-2
Let a(o) = -o**2 + 8*o + 2. Give a(7).
9
Let w(x) = -x**3 - 8*x**2 + 7*x - 12. What is w(-9)?
6
Let k(j) = -4*j + 5. Determine k(-5).
25
Let y(q) = -q**3 + 2*q**2 + 10*q - 1. Calculate y(4).
7
Let o(s) = -2*s + 63. What is o(19)?
25
Let d(b) = -10*b. Give d(-1).
10
Let o(c) = -c**2 + 7*c - 5. What is o(5)?
5
Let q(t) = -2*t**3 + 17*t**2 - 11*t + 4. Give q(8).
-20
Let r(f) = -3*f - 25. Give r(11).
-58
Let g(i) = 3*i + 1. What is g(-1)?
-2
Let s(b) = 4*b**3 + 4*b**2 + 2*b + 1. Calculate s(-2).
-19
Let c(o) = o + 10. Calculate c(5).
15
Let q(s) = -s + 8. Determine q(-4).
12
Let t(y) = 12*y**3 - y - 1. Determine t(-1).
-12
Let f(r) = -3*r - 45. Determine f(-11).
-12
Let u(m) = -m**2 + 3. What is u(-8)?
-61
Let f(r) = -4*r - 4. Calculate f(-8).
28
Let t(n) = n + 23. Give t(-29).
-6
Let o(x) = x**2 + 15*x - 7. Calculate o(-16).
9
Let q(c) = -3*c**3 - 37*c**2 - 10*c - 12. Determine q(-12).
-36
Let u(w) = w**2 - 14*w - 4. What is u(14)?
-4
Let b(h) = 24*h + 198. Calculate b(-9).
-18
Let d(a) = -a**3 - 23*a**2 + 22*a - 11. Give d(-24).
37
Let p(l) = l**3 + 11*l**2 + 9*l - 20. What is p(-10)?
-10
Let s(f) = 2*f**2 - 16*f - 5. Determine s(8).
-5
Let p(i) = -19*i**2 + 3*i - 5. Determine p(2).
-75
Let g(z) = -2*z**3 - 8*z**2 - 11*z - 18. What is g(-5)?
87
Let q(a) = -3*a**2 - a. Give q(-1).
-2
Let j(q) = -q**3 - q - 7. Give j(0).
-7
Let x(o) = -5*o - 8. Give x(-5).
17
Let t(p) = -p**2 - 3*p + 4. Determine t(-3).
4
Let n(x) = -2*x - 8. Calculate n(-12).
16
Let k(u) = -u**3 - u**2 + 3*u + 4. What is k(-3)?
13
Let n(o) = 5*o + 57. Give n(-10).
7
Let m(a) = -5*a - 21. Calculate m(-2).
-11
Let m(p) = -p**2 - 16*p - 28. Give m(-10).
32
Let r(h) = -10*h + 67. Calculate r(9).
-23
Let b(v) = -v**3 + 82*v - 12. Determine b(-9).
-21
Let o(w) = 8*w**2 - 75*w + 167. What is o(6)?
5
Let g(j) = -24*j - 3. Calculate g(-1).
21
Let n(w) = 38*w - 6. What is n(1)?
32
Let a(t) = -7*t + 27. Calculate a(3).
6
Let b(r) = 13*r - 2. What is b(3)?
37
Let x(p) = p**3 - 30*p**2 - 66*p + 61. What is x(32)?
-3
Let z(v) = v**3 - 13*v**2 - 20*v - 11. Give z(14).
-95
Let b(z) = -4*z**3 + z**2 - 1. Give b(1).
-4
Let h(n) = n + 2. What is h(5)?
7
Let u(l) = -l**3 + 3*l**2 + 3. What is u(3)?
3
Let v(c) = c**3 + 19*c**2 + 18*c + 10. What is v(-18)?
10
Let x(c) = -c**3 + 5*c**2 - 3*c - 2. Give x(5).
-17
Let i(a) = a + 14. Calculate i(-10).
4
Let x(c) = -c**3 - 3*c**2 + 3*c + 5. Determine x(-5).
40
Let q(c) = c**3 + 12*c**2 + 4*c + 41. What is q(-12)?
-7
Let d(l) = -l**2 + 8*l - 7. Determine d(3).
8
Let c(k) = -k**2 + 22*k - 1. Calculate c(20).
39
Let n(v) = v**2 + 13*v. Give n(-13).
0
Let p(m) = 13*m - 83. What is p(7)?
8
Let i(j) = -2*j + 22. Give i(7).
8
Let x(t) = -t - 9. Determine x(0).
-9
Let h(s) = 2*s + 9. Give h(-7).
-5
Let h(o) = -o**3 - o**2 - 2*o - 4. What is h(3)?
-46
Let j(d) = -d**3 - 14*d**2 - 14*d + 9. Calculate j(-13).
22
Let l(m) = m**3 - 9*m**2 - 4*m + 23. Determine l(9).
-13
Let a(f) = -20*f - 8. Give a(2).
-48
Let m(k) = 3*k**2 + 2*k - 87. What is m(5)?
-2
Let w(m) = 4*m + 8. What is w(-2)?
0
Let s(y) = 17*y + 105. Calculate s(-4).
37
Let b(s) = -2*s - 53. Determine b(-20).
-13
Let g(y) = 3*y - 21. Calculate g(13).
18
Let r(f) = 31*f**2 - 3*f + 2. Determine r(1).
30
Let g(q) = -q**3 - 16*q**2 - 2. Give g(-16).
-2
Let y(m) = m**2 - 36*m + 317. Calculate y(21).
2
Let u(m) = m**3 + 4*m**2 - 1. Determine u(-4).
-1
Let l(k) = -28*k**2 - 21*k + 22. Calculate l(1).
-27
Let x(r) = -2*r**2 - 19*r + 8. Give x(-10).
-2
Let n(p) = -2*p**2 - 5*p + 6. What is n(-4)?
-6
Let t(r) = -3*r**2 - 36*r - 15. Calculate t(-11).
18
Let t(s) = 5*s - 5. Determine t(-2).
-15
Let b(r) = -10*r - 1. Determine b(-1).
9
Let t(g) = -35*g**2 + 4*g - 2. What is t(2)?
-134
Let z(a) = a**2 + 2*a + 6. Determine z(-4).
14
Let i(a) = a**3 - 4*a + 1. What is i(-2)?
1
Let g(b) = -b**3 - 9*b**2 + 10*b + 5. What is g(-10)?
5
Let h(z) = -2*z + 3. Give h(7).
-11
Let r(x) = x + 3. Determine r(-3).
0
Let z(m) = -64*m - 1. Give z(1).
-65
Let k(g) = -6*g - 19. Determine k(-4).
5
Let j(b) = b**2 - 4*b - 31. Give j(-4).
1
Let n(t) = t**3 - 24*t**2 + 23*t + 2. Give n(23).
2
Let i(h) = 5*h**2 - 5*h + 4. What is i(1)?
4
Let i(o) = 6*o**2 + 94*o - 16. Calculate i(-16).
16
Let g(p) = 2*p + 15. What is g(-8)?
-1
Let w(v) = v**2 + 12*v + 5. Calculate w(-8).
-27
Let i(t) = -3*t**2 - 6. Give i(0).
-6
Let y(m) = -m**2 - 10*m - 5. Give y(-8).
11
Let a(v) = -v**2 - v + 37. Give a(5).
7
Let a(t) = -40*t - 14. Determine a(-4).
146
Let n(b) = b**3 + 4*b**2 - 29*b - 26. Calculate n(-7).
30
Let g(b) = -17*b**2 + b - 1. Determine g(-1).
-19
Let s(m) = m**2 + m + 5. Give s(-3).
11
Let r(q) = -137*q - 417. What is r(-3)?
-6
Let t(f) = -f**3 - 13*f**2 - 20*f + 1. What is t(-12)?
97
Let t(u) = -u**3 + 10*u**2 - 10*u - 4. What is t(8)?
44
Let q(u) = 2*u + 10. What is q(-11)?
-12
Let y(z) = -2*z**2 + 6*z + 7. What is y(9)?
-101
Let l(a) = a**2 + 16*a - 3. What is l(-16)?
-3
Let a(m) = 62*m - 364. Determine a(